.
267
Calculate the highest common divisor of 1591 and 3440.
43
What is the highest common factor of 3978 and 38142?
234
Calculate the greatest common divisor of 51354 and 648.
162
Calculate the greatest common divisor of 459744 and 672.
96
Calculate the greatest common factor of 1614819 and 959.
137
What is the greatest common divisor of 228 and 152?
76
What is the greatest common divisor of 16214 and 135399?
121
Calculate the greatest common divisor of 99799 and 265.
53
What is the highest common divisor of 130056 and 148?
4
Calculate the greatest common factor of 1240 and 240.
40
Calculate the greatest common divisor of 1089 and 245421.
99
What is the highest common divisor of 3780768 and 96?
96
Calculate the highest common divisor of 240 and 285540.
60
What is the greatest common factor of 271 and 51?
1
What is the greatest common factor of 1152 and 2529?
9
What is the greatest common divisor of 577344 and 5208?
744
What is the highest common divisor of 1897 and 4878?
271
Calculate the highest common divisor of 492881 and 25517.
1343
Calculate the greatest common divisor of 333 and 2700963.
333
Calculate the highest common factor of 1925 and 158730.
55
What is the greatest common factor of 2827417 and 62?
31
What is the highest common divisor of 11355 and 120?
15
What is the highest common factor of 23 and 2872148?
23
What is the highest common divisor of 234 and 6292?
26
What is the highest common factor of 4918937 and 447?
149
Calculate the greatest common factor of 16605 and 2050.
205
What is the highest common factor of 6215 and 103847?
113
Calculate the highest common divisor of 54 and 14562.
18
Calculate the greatest common divisor of 36 and 11754.
18
Calculate the greatest common factor of 161 and 362227.
23
What is the highest common divisor of 11 and 407143?
11
Calculate the highest common divisor of 7 and 354263.
7
Calculate the highest common factor of 14 and 11130.
14
What is the highest common divisor of 42657 and 8676?
723
What is the highest common divisor of 66916 and 436?
4
What is the highest common divisor of 39594 and 27?
3
Calculate the highest common factor of 47 and 723377.
47
Calculate the greatest common divisor of 332142 and 562.
562
What is the greatest common factor of 7485628 and 412?
412
Calculate the highest common divisor of 16640 and 455.
65
What is the highest common factor of 2028940 and 6412?
916
What is the greatest common factor of 2090 and 2695?
55
What is the greatest common divisor of 51483 and 1179?
393
What is the highest common factor of 55608 and 17304?
168
Calculate the greatest common factor of 754 and 6764888.
754
Calculate the highest common factor of 9955 and 6.
1
Calculate the highest common factor of 505568 and 128.
32
Calculate the highest common factor of 701339 and 23.
23
Calculate the highest common factor of 32 and 1743008.
32
Calculate the highest common factor of 863219 and 8739.
971
What is the greatest common divisor of 19 and 2257200?
19
Calculate the highest common divisor of 36 and 31554.
18
Calculate the greatest common divisor of 1024 and 1261824.
256
What is the greatest common factor of 558 and 18662?
62
Calculate the greatest common factor of 361 and 96843.
19
Calculate the highest common factor of 600 and 532200.
600
Calculate the greatest common divisor of 156 and 118.
2
Calculate the highest common factor of 4633 and 10660.
41
What is the highest common divisor of 269839 and 1043?
149
What is the greatest common factor of 8382 and 51054?
762
Calculate the highest common factor of 19654 and 1550.
62
Calculate the highest common factor of 212 and 5219387.
53
What is the highest common factor of 3820560 and 15?
15
Calculate the greatest common factor of 1056 and 30811.
11
Calculate the highest common factor of 1836 and 100.
4
Calculate the greatest common divisor of 63661 and 332.
83
Calculate the greatest common factor of 8 and 2668.
4
What is the highest common factor of 852 and 1441371?
213
Calculate the greatest common factor of 72818 and 38.
2
What is the highest common factor of 111281 and 16021?
433
Calculate the greatest common divisor of 12 and 199689.
3
What is the greatest common factor of 9 and 40329?
9
Calculate the greatest common factor of 6 and 29637.
3
What is the highest common factor of 102917 and 97?
97
What is the greatest common divisor of 40 and 111165?
5
Calculate the highest common divisor of 2577779 and 179.
179
What is the greatest common divisor of 3188 and 1950259?
797
What is the greatest common divisor of 69560 and 658?
94
What is the greatest common divisor of 15680 and 16840?
40
Calculate the highest common divisor of 12 and 2364420.
12
What is the greatest common divisor of 1745 and 105?
5
Calculate the greatest common divisor of 160 and 1497248.
32
Calculate the greatest common factor of 12338 and 5174.
398
What is the greatest common factor of 476 and 361964?
68
Calculate the greatest common divisor of 14800 and 750.
50
What is the greatest common divisor of 10 and 658070?
10
What is the highest common divisor of 98599 and 129?
43
Calculate the highest common factor of 308 and 16192.
44
What is the greatest common factor of 11139 and 1659?
237
Calculate the greatest common factor of 164805 and 60.
15
What is the greatest common divisor of 156 and 20990892?
156
Calculate the greatest common factor of 1250125 and 25.
25
What is the greatest common factor of 66 and 749991?
33
What is the highest common factor of 3028683 and 21?
21
Calculate the highest common factor of 270 and 288.
18
What is the highest common factor of 74529 and 1323?
441
Calculate the highest common divisor of 1794 and 5562.
6
What is the highest common factor of 7525 and 2408?
301
Calculate the highest common factor of 49541 and 6313.
107
What is the greatest common factor of 1334898 and 12?
6
Calculate the highest common divisor of 21719 and 5439.
37
What is the greatest common divisor of 3976 and 82502?
994
Calculate the greatest common divisor of 3247 and 173237.
191
What is the greatest common factor of 2485 and 31240?
355
What is the greatest common factor of 260 and 68835?
65
Calculate the greatest common factor of 2205 and 3015.
45
Calculate the highest common factor of 1058 and 64009.
529
Calculate the highest common factor of 8136 and 26781.
339
Calculate the highest common factor of 455 and 611.
13
What is the greatest common divisor of 34 and 2891734?
34
What is the highest common divisor of 9918 and 21204?
342
Calculate the greatest common divisor of 35 and 7405.
5
Calculate the highest common factor of 1250 and 111875.
625
What is the greatest common factor of 64668 and 136?
68
Calculate the highest common divisor of 30 and 768010.
10
What is the highest common factor of 4588 and 25604?
148
Calculate the highest common factor of 2702 and 81446.
386
What is the greatest common factor of 85536 and 18000?
144
Calculate the highest common factor of 413 and 637.
7
What is the highest common factor of 314 and 335666?
314
What is the greatest common factor of 71051 and 939?
313
What is the highest common divisor of 442 and 6401265?
221
What is the highest common divisor of 40 and 73820?
20
Calculate the highest common divisor of 19494 and 66.
6
Calculate the highest common divisor of 206 and 193.
1
Calculate the highest common divisor of 4407377 and 1066.
533
Calculate the highest common divisor of 212305 and 20.
5
Calculate the highest common divisor of 400 and 8368.
16
What is the greatest common divisor of 8932 and 12586?
406
What is the highest common divisor of 57090 and 110?
110
What is the highest common factor of 111 and 2553?
111
Calculate the greatest common divisor of 63960 and 18.
6
What is the greatest common divisor of 32 and 30992?
16
What is the greatest common divisor of 59849 and 20661?
97
Calculate the greatest common divisor of 158186 and 42.
14
What is the greatest common divisor of 4063284 and 324?
324
What is the highest common factor of 125 and 29550?
25
What is the highest common divisor of 20 and 26212?
4
Calculate the highest common factor of 33 and 85569.
33
Calculate the greatest common divisor of 1281 and 28731.
183
What is the highest common divisor of 78982 and 901?
17
What is the greatest common factor of 222274 and 13?
13
Wh